+ 10*y**2 + 14*y + 17. Suppose -491 = -14*l + 74*l + 109. What is q(l)?
-123
Let k(c) = c**3 + 2*c**2 - 3*c. Let n(r) be the first derivative of -r**4/4 - 3*r**3 + 6*r**2 + 17*r + 16. Let q = 32 + -42. Let x be n(q). What is k(x)?
0
Let v(c) = -3*c**2 - 5*c + 7. Let w(k) = k**2 + 3*k - 11*k + 9*k - 2*k**2. Let x(i) = -v(i) + 4*w(i). Determine x(8).
1
Let u(q) = -48*q**3 + 67*q**2 + 111*q + 159. Let c(v) = 7*v**3 - 10*v**2 - 16*v - 23. Let b(o) = 41*c(o) + 6*u(o). Calculate b(-9).
2
Let q(g) be the second derivative of g**4/12 - 3*g**3/2 + 4*g**2 - 13*g - 82. Let z(m) = 5*m - 3. Let u = -4 - -6. Let n be z(u). Give q(n).
-6
Let z(f) = -f**3 - 4*f**2 + 3*f - 2. Let k be -1*(35/(-10) - (-9)/6). Suppose -q = 0, 0 = -k*w - q - 10 - 0. Determine z(w).
8
Let a = -851 - -844. Let c(f) = 4*f**2 - 2*f**2 - f**2 - 17 + 3 + 5*f. Give c(a).
0
Let g(z) = 2*z - 2. Suppose 5*x = -h + 13, -4*x + 3*h - 7 = -2*h. Suppose u = -x*r - 0*r - 11, 2 = -r. What is g(u)?
-16
Let g(f) = -f**2 + 12*f + 46. Let n be g(15). Suppose 0 = -12*t + n + 11. Let a(b) be the third derivative of b**5/15 - b**4/24 + 2*b**2. Give a(t).
3
Let f(a) be the third derivative of -a**6/120 + 7*a**5/30 + 2*a**4/3 - 19*a**3/6 - 3*a**2 + 2*a - 454. Suppose -18 = -5*p + 57. Give f(p).
-4
Let w(k) = -k + 5. Let u(q) = -3*q + 12. Let o = 870 - 867. Let l(v) = o*u(v) - 7*w(v). Give l(-1).
3
Let r(w) = -10*w + 46. Let d(k) = -6*k + 29. Let p(q) = -7*d(q) + 5*r(q). What is p(11)?
-61
Let y(p) be the third derivative of -3*p**5/20 - 11*p**4/24 - p**3/2 - 6733*p**2. Determine y(-2).
-17
Let c be (2 + -4)*(-6 + (-30)/(-6)). Let x(b) = b**3 - 52*b**2 + 1 + 46*b**c - 7 + 5*b + 3. Calculate x(4).
-15
Let p(l) = -2*l - 26. Let a be ((-4)/(-4) - -1) + 1. Suppose -6*g + 29 = -a*q - 7*g, -3*q - 17 = -5*g. What is p(q)?
-8
Let t(o) = 17*o + 3. Let w(d) = 9*d + 2. Let m(z) = 3*t(z) - 5*w(z). Let r(u) = -10*u + 2. Let b(i) = -8*m(i) - 5*r(i). Determine b(-7).
-16
Let d(f) = -f**2 + f. Suppose -3*s = 2*s + 5. Let z(l) = 4*l**2 - 10*l + 2. Let c(x) = s*z(x) - 3*d(x). Let o(b) = -66*b + 470. Let i be o(7). Calculate c(i).
-10
Let r(i) = -12*i**3 - 49*i**2 - 6*i - 10. Let t = -4842 + 4838. Give r(t).
-2
Let w(y) = 15*y**3 - 2*y**2 + 10*y - 10. Let g(o) = 41*o**3 - 7*o**2 + 29*o - 26. Let n(u) = 4*g(u) - 11*w(u). What is n(-6)?
-30
Suppose 8*v + 25 - 9 = 0. Let g(h) = -2*h**2 - 7*h - 2. Calculate g(v).
4
Let v(g) = -2*g**2 - g**3 - g**2 + g + 4*g**2. Suppose 9 = -3*d, 0 = p + p - 4*d - 8. Let q be p/(-15) - (-1020)/(-900). Give v(q).
1
Let j be 444/(-156) + 8 + 0 + 2/(-13). Let m(o) be the second derivative of 9*o - 3/20*o**j + 0*o**4 + 0 + 1/2*o**2 + 1/3*o**3. What is m(-1)?
2
Let i = 41 + -3. Let x be 4/i - (-336)/57. Let q(r) = -r - 4. What is q(x)?
-10
Let k(n) = n**3 + 8*n**2 - 28*n - 85. Let w be k(-10). Let p(q) = q**3 + 2*q**2 - 2*q + 11. Give p(w).
-54
Let b(f) be the second derivative of -1/6*f**3 - 30 - 1/6*f**4 + 2*f + 0*f**2. Calculate b(-1).
-1
Let w(u) = u**3 + 23*u**2 + 23*u - 29. Suppose 93*x + 3353 - 1307 = 0. Give w(x).
-51
Let j(w) = -60*w**3 + w**2 + 2*w + 2. Let r be j(-1). Let l(q) = -q**2 - r + 27 + 27 - q. Determine l(0).
-7
Let z(y) = -1169 + 592 + 7*y**2 + 582. Let a(d) = -17*d**2 + 2*d - 10. Let b(f) = 2*a(f) + 5*z(f). Give b(-3).
2
Let v(h) = h**3 + h**2 - 4*h + 1. Let x(f) be the second derivative of 7*f**3/3 + 165*f**2/2 + 45*f + 2. Let g be x(-12). Calculate v(g).
-5
Let v(m) be the second derivative of -5/6*m**3 - 1/12*m**4 + m**2 + 0 + m. Suppose -2*k + 64 = -3*k + 6*s, 0 = 5*s - 28 - 22. Calculate v(k).
6
Let r(g) = -g**3 + 5*g**2 + 2*g - 2. Let l(d) = d**2 - 2*d - 21. Suppose -32 + 38 = q. Let i be l(q). Suppose t - 5*b - 30 = 0, -i*b = 4*t + b. Determine r(t).
8
Let s(i) = 46*i**2 + 2*i - 24. Let o(u) = 37*u**2 + 3*u - 21. Let a(y) = -5*o(y) + 4*s(y). Give a(-9).
-9
Let b(p) = -p**2 + 5*p + 6. Let m(w) = -w**3 + w**2 - w - 49. Let q be m(0). Suppose 5*j - 108 = -2*c, -54 = -85*c + 84*c + 4*j. Let o = c + q. Give b(o).
6
Let j(v) = v**3 - 5*v**2 + 10*v - 28. Let o be j(4). Let l(p) = -p**3 - 6*p**2 - 11*p - 4. Give l(o).
8
Let f(j) = j + 1. Let h(n) = -8*n - 9. Let p(c) = -6*f(c) - h(c). Let s(x) = 8*x**2 - 121*x + 214. Let r be s(13). Calculate p(r).
-11
Let y = -18922 + 18931. Let u(d) = -48*d + 431. Give u(y).
-1
Let f = 277 + -245. Let g(s) = -s**2 - 33*s**3 + f*s**3 + 8 + 12*s**2. What is g(11)?
8
Let u(t) be the second derivative of -21/2*t**2 - 246*t + 0 - t**3. Calculate u(-5).
9
Let m = -464 - -467. Let g(r) = 4*r**3 + 2*r**2 - 8*r. Let n(y) = -7*y**3 - 4*y**2 + 14*y + 1. Let w(c) = m*n(c) + 5*g(c). Give w(-2).
-1
Let w(l) = 20*l**2 + 37*l**2 - 86 + 41 + 44. Give w(1).
56
Let j(s) be the third derivative of -1/6*s**3 - 7*s**2 - 1/12*s**4 + 0 + 0*s. Suppose 6*x + 4 = 2*x. Calculate j(x).
1
Let k(i) be the first derivative of -1/2*i**2 + 173 + 7*i - 1/3*i**3. Determine k(-6).
-23
Let q(x) = -1. Let z(s) be the third derivative of s**4/24 - 4*s**3/3 - 187*s**2. Let n(u) = 51*q(u) - 6*z(u). What is n(3)?
-21
Let r(g) = -g**2 + 19*g - 22. Suppose -72 = 56*y - 60*y. Suppose 4*n = 3*n + y. Give r(n).
-4
Let i(q) = q**2 + q - 50. Let r be (-7 - 297/(-55))/((-1)/(-5)). Give i(r).
6
Let z(u) = 33*u + 41*u - 6 - 117*u + 40*u + 0. Give z(-4).
6
Let x(g) be the first derivative of -7*g**5/60 + g**3/6 + g**2/2 + 5*g + 21. Let d(s) be the second derivative of x(s). Calculate d(-1).
-6
Let x = 1538 + -1545. Let d(y) = -3*y**2 - 12*y - 3. Let s(i) = i**2 + i - 1. Let f(t) = d(t) + 2*s(t). Give f(x).
16
Let x(l) be the third derivative of -l**6/120 + l**5/12 + 7*l**4/24 - l**3 + 37*l**2 - 5*l. Let h(r) = r**2 + 9*r + 6. Let i be h(-9). Give x(i).
0
Suppose 0 = 4*y + 2*m - 12, 0 = 5*y + 4*m - 12 - 6. Let a(n) be the first derivative of n**4/4 - n**2/2 - 2*n + 59. Determine a(y).
4
Let f(x) = 28 + 81551*x - 26 - x**2 - 81562*x. Suppose -h - 2*h - 36 = 0. Give f(h).
-10
Suppose 14*o = -h + 10*o - 22, -3*o = -h + 20. Let w(a) be the second derivative of -1/20*a**5 - 18*a + 0 + 0*a**h + 1/3*a**3 + 0*a**4. Determine w(2).
-4
Let d(f) be the first derivative of f**6/360 + 7*f**5/120 - f**4/4 + 58*f**3/3 + 21. Let v(x) be the third derivative of d(x). Determine v(-7).
-6
Let c(t) = -2*t**3 + 2*t**2 + 5*t - 5. Let d(s) = -s**3 - s - 1. Let h(g) = -c(g) + d(g). Suppose -3*a = -6*r + r - 12, -a = -4*r - 4. Calculate h(a).
12
Let n be 9 + -6 - 22*9. Let d be n/45 - (-2)/6. Let t(i) be the third derivative of i**6/120 + i**5/20 - 5*i**4/24 + 13*i**2. What is t(d)?
4
Let k(r) = -7*r**2 - 6*r + 1. Suppose 282*o = 44 - 326. Calculate k(o).
0
Let w(u) = -17*u**3 - 22*u**2 - 10*u - 26. Let p(q) = -72*q**3 - 90*q**2 - 42*q - 104. Let v(c) = 4*p(c) - 17*w(c). What is v(-14)?
-2
Let x be 2/(-5) - (-10)/25. Let a(m) be the second derivative of m**5/20 - m**3/6 + m**2 - 2*m + 19. Give a(x).
2
Let y(b) = -b**3 - 2*b**2 + 2*b - 1. Let l(i) = 2*i + 2. Let w be l(-2). Let n be 0/(-3 + 7) - w. Suppose 4*j + 5*r = -22, j - 1 = 3*r + n. Give y(j).
2
Let c = -552 - -556. Suppose 0 = c*q + 2*q - 18. Let l(g) = 2*g**2 + 1 - g**3 + 1 - 4. Give l(q).
-11
Let u(k) be the third derivative of k**4/12 + k**2 + 77*k - 16. Let j be (-2)/(-6) + 4/(-3). Let x be j/5 + 52/10. Calculate u(x).
10
Let j(d) be the first derivative of -d**4/4 + d**2/2 - 2*d - 1. Let q(x) = -37*x**2 - x**3 + 66*x**2 - 11 - 14*x - 43*x**2. Let s be q(-13). Determine j(s).
-8
Let u = 217 + -217. Suppose u = -2*q + b - 8, 0*q + q + 5*b + 4 = 0. Let i(x) = 2*x**2 + 5*x + 2. Determine i(q).
14
Suppose -2*w - 3*w + 5*v + 250 = 0, 5*w = v + 266. Let i be w/13 - 22/143. Let r(t) = -t**3 - 151*t + 151*t - i*t**2. Determine r(-4).
0
Suppose 2*w + 1 = -3. Let s(i) = 3*i**2 - 2. Let k(q) = 13*q**2 - q - 9. Let o(p) = 4*p + 30. Let x be o(-7). Let m(t) = x*k(t) - 9*s(t). What is m(w)?
0
Let g(d) = -13*d**3 - 11*d**2 - 3*d - 6. Let z(j) = 28*j**3 + 23*j**2 + 7*j + 12. Let w(n) = -13*g(n) - 6*z(n). Let i = -15 - -4. Let x = 5 + i. Give w(x).
-12
Let s be (25/(-15) - -2)*3. Let o(v) = v**2 + 10*v + 13. Let h be o(-9). Let c(z) = -9 + s + h - z**2 + 5. Calculate c(-1).
0
Let l(i) = -64*i - 13. Let c(q) = -16*q - 3. Let p(k) = -9*c(k) + 2*l(k). Let v(y) = 9*y + 1. Let b(n) = 6*p(n) - 11*v(n). Calculate b(-5).
10
Let p be 2 + 17/(-6) - 1475/(-150). Let y(s) = s**2 - 9*s 